400?
True
Does 386 divide 6215803645?
False
Is 375 a factor of 86042940?
False
Is 1635 a factor of 23328895?
False
Does 5 divide 1098328050?
True
Does 245 divide 2085047265?
True
Is 43365866 a multiple of 100?
False
Is 965 a factor of 192943838?
False
Is 42546710 a multiple of 1301?
False
Is 19950580 a multiple of 5?
True
Is 84 a factor of 17819027?
False
Is 5176215 a multiple of 4076?
False
Does 73 divide 75537261?
True
Does 28 divide 559890871?
False
Does 435 divide 224570925?
True
Does 2351 divide 101973021?
False
Is 106 a factor of 421364522?
True
Is 194903226 a multiple of 1013?
True
Is 220988847 a multiple of 271?
True
Is 176617707 a multiple of 44?
False
Is 2257 a factor of 45981861?
True
Does 3273 divide 157578585?
True
Does 47 divide 477754342?
True
Does 5 divide 149269447?
False
Does 158 divide 102714062?
True
Is 1517401172 a multiple of 644?
True
Is 32 a factor of 1056444191?
False
Is 1797 a factor of 27244317?
True
Is 3 a factor of 242106443?
False
Is 83740608 a multiple of 18?
True
Is 445274658 a multiple of 1312?
False
Is 180 a factor of 90307268?
False
Is 63 a factor of 133279146?
True
Is 12 a factor of 1629817?
False
Is 1483485780 a multiple of 6027?
True
Is 164381882 a multiple of 935?
False
Is 155151690 a multiple of 168?
False
Does 192 divide 979880049?
False
Is 179 a factor of 16970941?
False
Does 161 divide 41204675?
False
Is 40164528 a multiple of 3?
True
Does 2 divide 7502235?
False
Does 9 divide 27391788?
True
Does 20 divide 4467844740?
True
Is 24162858 a multiple of 369?
True
Does 350 divide 130851486?
False
Is 82744616 a multiple of 15?
False
Is 53 a factor of 374367938?
True
Is 2084120082 a multiple of 22?
True
Is 32203062 a multiple of 342?
True
Does 869 divide 21122030?
False
Does 307 divide 39704924?
True
Does 5 divide 901025?
True
Is 512103 a multiple of 595?
False
Is 125286091 a multiple of 415?
False
Is 3091328918 a multiple of 19?
True
Does 180 divide 46443240?
True
Is 31414129 a multiple of 3007?
True
Does 55 divide 54087363?
False
Does 2388 divide 106568508?
False
Does 330 divide 26595030?
True
Is 732952968 a multiple of 38?
True
Does 24 divide 8981323?
False
Is 36 a factor of 491599080?
True
Does 58 divide 27549214?
False
Is 316280988 a multiple of 18?
True
Is 111 a factor of 1532516?
False
Does 2121 divide 45164574?
True
Is 8 a factor of 4641272?
True
Is 617 a factor of 26648847?
True
Does 1005 divide 307047600?
True
Is 520 a factor of 293102160?
True
Does 56 divide 578430428?
False
Is 118 a factor of 44270414?
True
Does 492 divide 39712388?
False
Is 758780 a multiple of 16?
False
Does 16 divide 45735634?
False
Does 670 divide 140982740?
True
Does 26 divide 355878954?
False
Does 3 divide 34390057?
False
Does 81 divide 81350811?
True
Is 490796583 a multiple of 87?
False
Is 2540077040 a multiple of 1784?
True
Is 2316788 a multiple of 16?
False
Is 10440 a factor of 2389827267?
False
Does 6 divide 121694736?
True
Is 1172569951 a multiple of 22?
False
Does 1332 divide 200892240?
True
Does 7 divide 28703710?
True
Does 18 divide 28209510?
True
Is 766310606 a multiple of 463?
False
Is 24 a factor of 1728000?
True
Is 115144080 a multiple of 60?
True
Is 52589100 a multiple of 37?
False
Is 62066844 a multiple of 261?
True
Does 87 divide 1501154359?
False
Does 21 divide 241178625?
False
Is 593 a factor of 6646433?
False
Does 2308 divide 1210006325?
False
Does 31 divide 167479258?
False
Does 5 divide 61015?
True
Is 340624369 a multiple of 8?
False
Is 296 a factor of 371084457?
False
Is 807 a factor of 10790499?
False
Does 5 divide 662696837?
False
Is 20672045 a multiple of 1289?
False
Is 2581 a factor of 150084351?
False
Does 114 divide 2085794502?
True
Is 199235892 a multiple of 492?
True
Is 302 a factor of 32005356?
True
Is 73 a factor of 25339906?
True
Does 273 divide 140666386?
False
Is 7714 a factor of 940015289?
False
Is 164 a factor of 267345748?
True
Is 10 a factor of 1101330?
True
Does 170 divide 1400011493?
False
Is 43798362 a multiple of 7?
False
Is 36 a factor of 130617828?
True
Is 946691501 a multiple of 241?
False
Does 70 divide 28496020?
True
Does 493 divide 1862487445?
True
Is 265 a factor of 3747630?
True
Does 2983 divide 924818098?
False
Is 443 a factor of 10961328?
False
Is 507603694 a multiple of 10457?
True
Is 15 a factor of 34030751?
False
Does 3342 divide 62221356?
True
Is 410 a factor of 835961300?
True
Is 92873520 a multiple of 180?
True
Is 13 a factor of 295677274?
False
Does 19 divide 1440948505?
True
Does 19 divide 239888408?
False
Does 11 divide 2623283?
False
Is 1022 a factor of 7801948?
True
Does 70 divide 1652350630?
True
Does 70 divide 42487576?
False
Is 4895307 a multiple of 73?
True
Does 4 divide 54675849?
False
Is 32 a factor of 9756595?
False
Is 22040037 a multiple of 106?
False
Is 27 a factor of 337318074?
True
Is 3399 a factor of 207400182?
True
Is 249186970 a multiple of 383?
False
Is 44 a factor of 25711312?
True
Does 6 divide 24885142?
False
Is 834959580 a multiple of 70?
True
Is 18 a factor of 84176249?
False
Does 271 divide 75303312?
True
Does 46 divide 658005946?
False
Does 51 divide 37461183?
True
Is 23 a factor of 997620?
False
Does 231 divide 5893965?
True
Does 21 divide 14855671?
False
Does 1446 divide 19014900?
True
Is 960 a factor of 44557372?
False
Is 217 a factor of 2277179121?
True
Does 357 divide 37465365?
True
Does 503 divide 63564613?
True
Is 226853746 a multiple of 1282?
True
Is 2835 a factor of 1013389098?
False
Is 266 a factor of 5460980?
True
Is 7 a factor of 44636209?
False
Is 656 a factor of 495902019?
False
Does 118 divide 4041190?
False
Is 83889360 a multiple of 592?
True
Is 35 a factor of 2528050?
True
Is 177 a factor of 51041844?
True
Is 542 a factor of 94936870?
False
Does 215 divide 542459569?
False
Does 138 divide 34235998?
False
Is 8036790 a multiple of 5?
True
Does 10 divide 7262317?
False
Does 112 divide 102323088?
True
Does 14 divide 96060020?
True
Is 183 a factor of 431466420?
True
Does 7190 divide 920557270?
True
Does 12 divide 99855459?
False
Is 18 a factor of 201401566?
False
Does 12 divide 30938453?
False
Is 4252 a factor of 1375283888?
True
Does 9 divide 313473115?
False
Is 107 a factor of 18822584?
True
Does 393 divide 6341337?
False
Does 13 divide 151418504?
False
Is 15687790 a multiple of 10?
True
Is 261342921 a multiple of 29?
False
Is 40751100 a multiple of 645?
True
Is 33 a factor of 1160114769?
True
Is 83383874 a multiple of 203?
True
Is 451269 a multiple of 29?
True
Is 3724 a factor of 356467995?
False
Is 9497604 a multiple of 148?
True
Is 135 a factor of 74913525?
True
Is 30 a factor of 36466716?
False
Does 71 divide 1671001940?
False
Is 3164 a factor of 691954956?
False
Is 513114662 a multiple of 7181?
False
Is 2792965 a multiple of 35?
True
Is 183 a factor of 60644779?
False
Does 173 divide 866303209?
True
Does 701 divide 21311200?
False
Is 490910423 a multiple of 215?
False
Does 41 divide 18419331?
False
Does 4351 divide 96422511?
True
Is 2595946581 a multiple of 307?
False
Is 217 a factor of 273501835?
False
Does 30 divide 865567392?
False
Does 15 divide 69573140?
False
Does 558 divide 57908124?
True
Does 5808 divide 1563217392?
True
Is 39 a factor of 2711038?
False
Does 316 divide 117525140?
True
Is 52 a factor of 1894467681?
False
Is 529879452 a multiple of 6?
True
Does 12 divide 539915280?
True
Is 77363100 a multiple of 540?
True
Is 128 a factor of 18927948?
False
Is 2768035358 a multiple of 147?
False
Is 17 a factor of 149332947?
True
Is 2591 a factor of 140481429?
True
Is 1565161146 a multiple of 214?
False
Does 40 divide 753820266?
False
Is 25480520 a multiple of 19?
True
Does 10 divide 46417720?
True
Is 32600059 a multiple of 293?
True
Does 302 divide 117132473?
False
Is 675 a factor of 111193283?
False
Is 156 a factor of 980928?
True
Is 381 a factor of 29164896?
False
Is 176 a factor of 22146231?
False
Does 31 divide 903418895?
True
Does 47 divide 518718187?
False
Does 25 divide 153490501?
False
Does 15 divide 42460513?
False
Does 1703 divide 850933515?
False
Does 2545 divide 18849781?
False
Is 1044 a factor of 825199524?
True
Is 2620017482 a multiple of 2000?
False
Is 216282285 a multiple of 20?
False
Is 354673938 a multiple of 3427?
True
Does 6 divide 414035332?
False
Is 1137136372 a multiple of 7742?
False
Is 14